 = r - 72. Let l be -2 + 4 + (1 - -1). What is the greatest common factor of l and w?
2
Let t be 422/7 - (-64)/(-224). Calculate the highest common factor of t and 60.
60
Let j(x) be the first derivative of -x**3/3 - 15*x**2/2 - 30*x + 5. Let z be j(-12). Calculate the highest common factor of z and 9.
3
Let u = -41 - -50. Suppose -120 = 5*n - u*n. What is the greatest common divisor of 20 and n?
10
Let c(u) = -35*u + 18. Let r be c(-6). What is the highest common factor of 171 and r?
57
Let r be (-3)/7 + (-23)/(2576/(-173424)). What is the highest common divisor of 36 and r?
36
Let t = 521 + -508. What is the highest common divisor of 26 and t?
13
Let l be (-2)/(-9) + (-104)/(-18). Let t(a) = 12*a**2. Let x be t(1). Suppose -15*h + 45 = -x*h. Calculate the highest common divisor of l and h.
3
Let c = 53 + -49. Suppose 2*h - 108 = -5*v, h + 25 + 31 = 3*v. What is the greatest common factor of c and v?
4
Let l(n) = 2*n**2 - 8*n + 6. Let p(b) = 4*b**3 + 3*b**2 - b - 1. Let a be p(1). Let z be l(a). Calculate the highest common divisor of 176 and z.
16
Suppose -2*o - 6*o = -1104. Calculate the highest common divisor of 92 and o.
46
Let f = -148 - -165. Calculate the greatest common factor of 4 and f.
1
Let t(b) = b**3 - 4*b**2 + 5*b - 2. Let q be t(5). Suppose 30*u - 27*u = q. What is the highest common divisor of 48 and u?
16
Suppose -2*z - 16 = 4*m, -4*m - 4 - 12 = -5*z. Suppose 10*r - 327 - 573 = z. Let h be (18/4)/((-2)/(-16)). What is the highest common factor of r and h?
18
Let g be (-1)/(-2)*(2 + -2). Suppose 4*t = -g*t + 16. Let k(d) = 37*d - 1. Let a be k(1). Calculate the greatest common divisor of a and t.
4
Let q(x) = 4*x + 1. Let d = 16 + -15. Let b be q(d). Suppose -95 = -2*v - b*i, -3*v + 77 = -4*i - 8. What is the greatest common divisor of 7 and v?
7
Let z = -47 - -52. Let c(b) = b**2 + b - 10. Let y be c(z). Calculate the greatest common factor of 10 and y.
10
Suppose -10*g + 546 = -3*g. Let w be ((-5)/(-18) - (-10)/45)*g. Calculate the greatest common divisor of 26 and w.
13
Let m(c) = -65*c + 2. Let h be m(-1). Let b = h - 43. What is the greatest common divisor of b and 3?
3
Let s = -105 + 50. Let t be 3/((66/s)/(4/(-5))). Calculate the highest common divisor of t and 3.
1
Let h = 234 - 212. Calculate the highest common factor of 55 and h.
11
Suppose -5*g - 3*g + 96 = 0. Suppose -96 = 2*k - 3*k. What is the highest common divisor of g and k?
12
Let o = -146 + 164. Calculate the highest common factor of o and 18.
18
Suppose -3*j + 27 = 15. Suppose 0 = 2*u - 3*m - 28, -j*u + 59 = 5*m + 3. What is the greatest common divisor of 35 and u?
7
Let p be 441/(-6)*4/(-3). Let l = p + -50. Suppose l = 4*f + 16. Calculate the greatest common divisor of 40 and f.
8
Let z(s) = 45*s**2 - 6*s. Let w be z(-2). Calculate the greatest common factor of w and 120.
24
Let z be ((-33)/5)/(96/(-160)). What is the greatest common divisor of z and 891?
11
Suppose -40 = -n - 0*n. Suppose -b = b - 2*m - 4, -5*b = m - n. Suppose 137 - b = 5*i. Calculate the greatest common factor of 39 and i.
13
Suppose -2*o + 44 = 2*y + 34, 0 = -5*o. Let k = -12 - -20. Let n(l) = -l**2 + 11*l - 9. Let g be n(k). What is the greatest common factor of y and g?
5
Suppose 0 = 13*b - 1150 - 3426. What is the greatest common factor of b and 32?
32
Suppose 11*d - 5204 = -848. What is the greatest common factor of d and 44?
44
Let f be (-984)/(-33) + 2/11. Let b be f + (1 - 0) + -2. Let z = 97 + b. What is the highest common divisor of z and 14?
14
Let b = 8 - 6. Suppose b*s = 4*r - 22, 4*r = 3*s + 2*s + 7. Let c be 932/r - (-2)/4. What is the greatest common divisor of 13 and c?
13
Let o be (-1)/(6/(-3))*0. Let z = 20 + o. Let u = 34 - z. What is the highest common divisor of u and 14?
14
Suppose -3*f = v - 42, 0*v = -4*v - f + 146. Calculate the greatest common divisor of 9 and v.
9
Let x = 669 - 654. Calculate the greatest common divisor of x and 60.
15
Suppose -9 = 2*o - 5. Let n = 39 - o. What is the greatest common factor of 369 and n?
41
Suppose 56*m = -4*s + 61*m + 208, 2*m = 0. What is the greatest common factor of s and 468?
52
Let t(p) = -p**3 + 6*p**2 + 18*p - 44. Let h be t(7). What is the greatest common divisor of 165 and h?
33
Suppose 2*y = 4*l - 120, -5*l + 45*y = 43*y - 150. Calculate the greatest common factor of l and 560.
10
Let f be (7 + -5)/((-1)/30). Let l be f/270 - 256/(-18). Let b be (-112 + 0/1)*-1. Calculate the greatest common factor of l and b.
14
Let n be 11 - (-4 - -9)/(-5). What is the highest common divisor of n and 12?
12
Let o be 10/((-11)/((-418)/4)) + 4. Calculate the greatest common factor of 36 and o.
9
Suppose 0 = -5*b + 6*b + 2*o - 99, -410 = -4*b - o. Suppose u + 28 = b. Let m be (-5)/3*(-18 + 0). Calculate the highest common divisor of m and u.
15
Let x = 56 - 53. Let i be 14 + x + 3*-1*1. What is the highest common factor of i and 126?
14
Suppose -61 - 23 = -a. Let s(h) = 6*h - 22. Let y be s(11). Let j = y + -32. Calculate the highest common factor of j and a.
12
Let z = 160 - 96. Let g = -46 + z. Suppose 3*k + 17 = 125. Calculate the greatest common factor of k and g.
18
Let c(t) = 14*t - 41. Let i be c(6). Suppose 0 = -21*b + 18*b + 903. Calculate the greatest common divisor of i and b.
43
Suppose g + 2*g - 39 = 0. Let q(z) = -39*z + 13. Suppose 0 = 11*a - 0*a + 33. Let v be q(a). What is the highest common divisor of g and v?
13
Let p(z) = z**2 + 15*z + 74. Let i be p(-34). What is the greatest common divisor of i and 45?
45
Suppose -x + 1043 = 3*i, 2*i - 5*i - 5*x + 1039 = 0. Suppose i + 516 = 12*q. What is the highest common factor of 18 and q?
18
Suppose 0 = y - 4*b - 22 - 150, -b - 5 = 0. What is the highest common divisor of y and 57?
19
Let n be 8 + -4 + 0/2. Suppose -2*l + n*l + 20 = -3*p, -l = 4*p + 20. Let k be 266/28 + 2/p. What is the greatest common divisor of 9 and k?
9
Suppose 0 = -c - 10 + 6. Let t = 23 + c. What is the greatest common factor of 209 and t?
19
Suppose 3*x + 2*m - 37 = 3*m, 2*m + 2 = 0. Let u be 509/6 + 5/30 - 1. What is the highest common factor of x and u?
12
Suppose 5*f - l = 451 + 182, 15 = -5*l. Let w = -87 + f. What is the greatest common factor of w and 312?
39
Suppose 20*i = -4*z + 16*i + 72, z - 6 = 2*i. Let q = -4 + 1. Let g be (252/10)/(q/(-15)). Calculate the highest common factor of g and z.
14
Suppose -13*x = -9*x - 128. Suppose -v - 4*o = -53 - 15, -145 = -2*v - 5*o. What is the greatest common divisor of v and x?
16
Suppose 4*n - 3*n = 3*f - 39, -4*n = -3*f + 120. Let m = n + 36. Calculate the highest common factor of 99 and m.
9
Let l(j) = -147*j + 140. Let g be l(-4). Calculate the greatest common divisor of 7 and g.
7
Let z be 8/20 + 174/(-10). Let r = -9 - z. Let l = 1 - 0. What is the highest common divisor of l and r?
1
Let i be (70/3)/((-1)/(-3)). Let l be (2/5)/(1/16*(-292)/(-2555)). Calculate the greatest common factor of i and l.
14
Let t(m) = 7*m**2 + 3*m - 2. Let f be t(-2). Calculate the highest common factor of f and 1420.
20
Suppose 13*t - 490 - 56 = 0. Calculate the highest common factor of t and 21.
21
Suppose 0 = z, 7*z = 4*y + 2*z - 12. Suppose 32 = y*n - r, 2*n - 3*r - 3 = 16. What is the highest common divisor of n and 11?
11
Let f = -457 + 649. Suppose 2*i = 2*l - i - f, 3*l = 2*i + 288. Calculate the highest common factor of l and 64.
32
Let u = 36 - 51. Let t be (24/u - -2) + 278/5. What is the greatest common factor of t and 8?
8
Let n = 52 - 47. Suppose 181 = 5*v + 2*p, 2*p = -3*v + n*p + 96. Calculate the greatest common factor of v and 10.
5
Suppose -3*q = -4*w - 497, q = 4*q + 4*w - 457. Suppose 9*c = 654 - q. Calculate the highest common factor of 22 and c.
11
Suppose -2*p = -5*f - 21, f = 4*p - 2*f - 35. Suppose 0 = 5*k - 26 - 4. Let j(w) = 10*w + 4. Let r be j(k). Calculate the greatest common divisor of p and r.
8
Let m be (60/120)/(1/14). Calculate the greatest common divisor of m and 1.
1
Suppose -10*x - 11 = -371. What is the greatest common factor of 1164 and x?
12
Suppose 1287 = -38*i + 47*i. What is the greatest common divisor of i and 52?
13
Suppose 0 = j + 4, 3*r - 4*j = -r + 892. Let u = r + -135. Calculate the greatest common divisor of 21 and u.
21
Suppose 0 = 4*g - 4*o - 320 - 3540, 2*o + 970 = g. What is the highest common divisor of